z(15)?
2, 37
Let f(r) = 26*r**2 + r + 1. Let q be f(3). Suppose 5*w + 22 + q = 5*h, h + 2*w - 58 = 0. What are the prime factors of h?
2, 3
Suppose 0 = -6*v - 5 - 55. Let i = -2 - v. What are the prime factors of i?
2
Let r(d) = -11*d**2 + d - 2. Let p be r(2). Let z = p + 63. List the prime factors of z.
19
Suppose -6 = t - 5. Let b be (4 - 1)*-2*1. List the prime factors of t*b*9/6.
3
Let k = -149 + 272. What are the prime factors of k?
3, 41
Suppose 79 - 1 = f. What are the prime factors of ((-3)/(-6))/(3/f)?
13
Let x(t) = 19*t**3 - 4*t**2 + 4*t - 2. Let o(l) = -57*l**3 + 11*l**2 - 11*l + 5. Let v(n) = 3*o(n) + 8*x(n). List the prime factors of v(-1).
2, 5
Let q(v) = -v. Let x be 2*(1 + 13/(-2)). List the prime factors of q(x).
11
Suppose -560 = -5*s - 3*s. What are the prime factors of s?
2, 5, 7
Let z be 3/2 + 4/8. Let t(v) = v**3 - 3*v**z - 3 + 0*v**2 + 2*v - 3*v. List the prime factors of t(4).
3
Let f(l) = -8*l**3 - 4*l**2 - 4*l + 1. What are the prime factors of f(-2)?
3, 19
Let o(h) = -h + 0*h - 2 - 2*h - 4. What are the prime factors of o(-5)?
3
Suppose 15*z = 20*z - 180. List the prime factors of z.
2, 3
Let v(r) = r**3 + r**2 - r - 2. List the prime factors of v(3).
31
List the prime factors of -2 + -1*4 + 204/6.
2, 7
Let g = 39 - 29. What are the prime factors of g?
2, 5
Let f(t) = -t. Let z(u) = -7*u - 16. Let i(w) = -2*f(w) + z(w). List the prime factors of i(-13).
7
Let d(j) = 4*j**2 + 2*j - 1. Let c be d(1). What are the prime factors of (28/c - 0)*5?
2, 7
Suppose -4*f - m + 392 = -0*m, 2*m - 299 = -3*f. What are the prime factors of f?
97
Let f(o) = o**3 - o**2 - 2*o - 2. Let k = 4 + -3. Suppose 2*v = 3*s - 7, -k = -2*v + 1. What are the prime factors of f(s)?
2, 5
Let j be 2/(-5) - (-102)/30. Suppose j*v - 5*u = -3*u + 20, 5*v - 4 = -4*u. What are the prime factors of v?
2
What are the prime factors of (5 - 1*-182)/((-2)/(-2))?
11, 17
Let c(d) = -d**3 + 42. List the prime factors of c(0).
2, 3, 7
Suppose 0*v = -5*o + v + 5, 0 = 5*v. Let x be -1*(o/1 + -3). Suppose -1 = -h - 3*b, -5*b - 10 = -x*h + 25. List the prime factors of h.
2, 5
Let h = -11 - -16. Suppose 4*g + 4*r - 6 = 26, h*r = -3*g + 32. Suppose g*k - 17 = 19. List the prime factors of k.
3
Suppose 4*z = 6*l - 2*l - 904, 0 = -5*l - 5*z + 1130. List the prime factors of l.
2, 113
Let h = -45 + 101. List the prime factors of 16/h - 215/(-7).
31
Let o(f) = 5*f - 5. List the prime factors of o(15).
2, 5, 7
Suppose 4*l - l + 2*c - 218 = 0, -4*l = -4*c - 324. List the prime factors of l.
2, 19
Suppose -2*j - 248 = -4*n, 5*n - 2*j - 308 = j. What are the prime factors of n?
2
Let p = 415 - 275. What are the prime factors of p?
2, 5, 7
Suppose -4*f + 4*o = -436, -4*f + 7*f = o + 323. What are the prime factors of f?
107
Let m(t) = 2*t**2 + 6*t + 7. List the prime factors of m(-4).
3, 5
Let r = -5 - -20. Let g be 2/3 - (-50)/r. Let z(q) = -q**3 + 4*q**2 + 2*q - 6. List the prime factors of z(g).
2
Let y = -64 + 111. List the prime factors of y.
47
Let b(f) = f**3 + 8*f**2 + f + 8. Let r be b(-8). Let k be (-10)/(-2 + 1 - r). Suppose -29 = -3*w + c, -5*c + 5 = w - k*c. List the prime factors of w.
2, 5
Let y be 414/8 - 6/(-24). Suppose 15 - 2 = -2*u - q, -3*u + 5*q - y = 0. What are the prime factors of ((-6)/u)/((-4)/(-30))?
5
Let c(o) = o**2 - o - 2. Let h be c(-2). Suppose -a + 9 = -3*w, 2*a + h = w + 4*a. What are the prime factors of 5 - (-4)/(w/(-1))?
7
Let u = 62 - -17. What are the prime factors of u?
79
Suppose 4*q = 6 + 46. Suppose -3 = 4*s + q. List the prime factors of s/(-14) - 66/(-14).
5
Let r = 6 + -4. Suppose -13*a + 90 = -8*a. List the prime factors of ((-5)/(-15))/(r/a).
3
Let q(i) = -i**3 + 8*i**2 - 6*i + 6. Let h be q(5). Suppose 3*c + 0*c = h. Let f = -10 + c. List the prime factors of f.
7
Suppose 59*k - 69 = 58*k. List the prime factors of k.
3, 23
What are the prime factors of (-8)/48 + 434/12?
2, 3
Let s be (-2)/(-4) + 54/4. Let g(b) = -b**3 + 15*b**2 - 14*b + 21. What are the prime factors of g(s)?
3, 7
Let z(a) = a**3 + 10*a**2 + 10*a + 2. Let r be z(-9). What are the prime factors of r/((-28)/(-8)) - -24?
2, 11
Let i(u) = 7*u**2 + 2*u + 1. Let l = 9 + -10. What are the prime factors of i(l)?
2, 3
Let h be (-4)/(-3) - (-2)/(-6). What are the prime factors of (h - 3)*30/(-12)?
5
Let c = 5 + -6. Let a = c - -11. Let m = 16 - a. List the prime factors of m.
2, 3
Let i(t) = -t - 4. Let g be i(-5). Let n(u) = 6*u. List the prime factors of n(g).
2, 3
Let u(d) = d**3 + 8*d**2 + 7*d + 5. List the prime factors of u(-7).
5
Suppose -4*j + 0*b + 2*b - 20 = 0, -3*j + 3*b - 21 = 0. List the prime factors of (j/(-2))/(9/48).
2
Suppose 2*z - g = 85, -5*z + 3*z - g + 83 = 0. List the prime factors of z.
2, 3, 7
Let f be 313/9 - 18/(-81). Let q = f + 5. What are the prime factors of q?
2, 5
Suppose w + 5*c = 204, 5*w - 845 = -2*c + 175. List the prime factors of w.
2, 3, 17
Let x be (-33)/(-6)*(0 + 2). Suppose 3*d - u - u = x, d - 5*u - 21 = 0. Suppose 19 = 4*j + 2*i - 3, -d = -j + i. What are the prime factors of j?
2
Let t be (3 - 2)/(3/15). Let k(b) = -b + 3. Let p be k(t). What are the prime factors of (8/(-3))/(p/6)?
2
Let w(b) = -12*b - 39. Let j(v) = 3*v + 10. Let m(s) = -15*j(s) - 4*w(s). What are the prime factors of m(6)?
2, 3
List the prime factors of 1/(-3) - (15168/18)/(-8).
3, 5, 7
Suppose -2*g + 12 = 4. Let j be 1/g + (-55)/(-4). Suppose 38 = 4*y + j. List the prime factors of y.
2, 3
Suppose 4*r + 10 - 2 = -z, -4*z - 3*r = -20. Suppose -3*t + z = -22. What are the prime factors of t?
2, 5
Let x = 8 - 3. Suppose x*a = 92 + 8. List the prime factors of a.
2, 5
Suppose 10*k - 4*k - 450 = 0. List the prime factors of k.
3, 5
Let h be ((-12)/(-15))/((-2)/(-5)). Suppose -3*p + 3*g = -42 + 3, -2*p + 10 = h*g. List the prime factors of p.
3
Let m(c) = 7*c - 1. Let t be m(-3). Let q = 0 - t. What are the prime factors of q?
2, 11
Let f be (2 - 1)/(2/(-124)). Let t = f - -89. What are the prime factors of t?
3
Let i(v) = -7*v**3 - v**2 + 3*v + 1. Let m be i(-2). Suppose -3*j - 52 = 2*d, 2*j + 2*d + m - 15 = 0. What are the prime factors of (-188)/j + 4/(-10)?
3
Let x(z) = 4*z + z - z**2 + 6*z - 5*z. Let q be x(6). Suppose q = 3*f - 27. What are the prime factors of f?
3
Suppose 3*x + 64 + 5 = 0. Let c = 49 + x. List the prime factors of c.
2, 13
Let g = -24 + 28. What are the prime factors of g?
2
Let w(x) = x**2 - 4*x + 10. List the prime factors of w(7).
31
Let k(l) = 2*l - 9. Let i be k(6). Suppose -x - 4*x + 105 = 0. List the prime factors of i - 7/(x/(-54)).
3, 7
Let v(y) = y**2 - 8*y + 10. Let t be v(7). Suppose -o = s + 3*o - 44, -66 = -2*s + 3*o. Suppose 7*w = t*w + s. List the prime factors of w.
3
Suppose 0 = 3*h - 5*n + 67, 3*n + 3 = -2*h - 2*n. Let o = h + 9. Let v(z) = z**2 + 4*z - 3. List the prime factors of v(o).
2
Suppose 4*x = 3*d + 234, 0 = x - 3*d + d - 56. Suppose 4*i + x = 6*i. Suppose -i = -5*r - 5*c, -2*r - 3*c = -r + 2. What are the prime factors of r?
2, 5
Suppose -r + 2*y = -30, -r - 5*y + 23 + 7 = 0. What are the prime factors of r?
2, 3, 5
Suppose 4*a - 2*m - 276 = 0, -2*a + 0*a = -5*m - 154. What are the prime factors of a?
67
Let o = 79 + -31. Let k = o - 24. List the prime factors of k.
2, 3
What are the prime factors of (-21)/(-14) - (2 + (-10)/4)?
2
Suppose 3*r + 4*c - 4 = 0, -5*r = -5*c + 2 + 3. Suppose 4*q + a + 5 = r, -6*q = -q - 5*a. Let y = 15 + q. What are the prime factors of y?
2, 7
Let w = 447 + -103. What are the prime factors of w?
2, 43
Suppose 33 = 4*w + 5*c, -4*w + 13 = 2*c - c. Suppose b = -w*b + 6. List the prime factors of b.
2
Let l be 103/7 - 6/(-21). Suppose -3*d = -8*d + l. Suppose 5*g = 2*s - 26, -d*s - 2*g = -0*s - 20. What are the prime factors of s?
2
Let q(m) = 16*m**2 + 3*m + 1. Let o be q(-2). Suppose 5*b - o = -9. What are the prime factors of b?
2, 5
Suppose 5*c + 229 = 649. List the prime factors of c.
2, 3, 7
Let a(m) = 18*m - 55. What are the prime factors of a(18)?
269
Let g(s) = 215*s**2 + s. What are the prime factors of g(1)?
2, 3
Let k = -93 - -64. Let v(y) = -9*y. Let x be v(2). Let u = x - k. What are the prime factors of u?
11
Suppose 5*q - 62 = -5*y + 13, 0 = -2*y + 4*q. Suppose -206 = -3*j + y. Suppose -2*u + 32 = -2*x, -u - 3*x = 4*u - j. List the prime factors of u.
3, 5
Le